{"id":21926,"date":"2020-05-02T19:37:33","date_gmt":"2020-05-03T00:37:33","guid":{"rendered":"https:\/\/cableado-estructurado.com.co\/netcomp\/?post_type=product&#038;p=21926"},"modified":"2022-12-21T09:22:19","modified_gmt":"2022-12-21T14:22:19","slug":"arco-detector-temperatura-corporal-np-sg318lt-f","status":"publish","type":"product","link":"https:\/\/cableado-estructurado.com.co\/netcomp\/producto\/arco-detector-temperatura-corporal-np-sg318lt-f\/","title":{"rendered":"ARCO DETECCCION DE TEMPERATURA CORPORAL NP-SG318LT-F HIKVISION"},"content":{"rendered":"<h1 style=\"text-align: center;\"><span style=\"color: #333399;\">Camaras Termicas Hikvision<\/span><\/h1>\n<h1 style=\"text-align: center;\"><span style=\"color: #333399;\">ARCO DETECTOR TEMPERATURA CORPORAL NP-SG318LT-F &#8211; METAL<br \/>\n<\/span><\/h1>\n<h1 style=\"text-align: center;\"><span style=\"color: #333399;\">\u00a0<\/span><\/h1>\n<p>&nbsp;<\/p>\n<h2 style=\"text-align: center;\"><span style=\"color: #333399;\">Para Deteccion de Temperatura Corporal &#8211; fiebre &#8211; Reemplaza a los Termometros Infrarojos<\/span><\/h2>\n<p>&nbsp;<\/p>\n<p>&nbsp;<\/p>\n<p>&nbsp;<\/p>\n<p>&nbsp;<\/p>\n<div id=\"attachment_21905\" style=\"width: 851px\" class=\"wp-caption aligncenter\"><a href=\"https:\/\/cableado-estructurado.com.co\/netcomp\/wp-content\/uploads\/2020\/05\/camara-termica-hikvision-ds-2td2636b-deteccion-fiebre-covid-19.jpg\"><img loading=\"lazy\" decoding=\"async\" aria-describedby=\"caption-attachment-21905\" class=\"wp-image-21905 \" src=\"https:\/\/cableado-estructurado.com.co\/netcomp\/wp-content\/uploads\/2020\/05\/camara-termica-hikvision-ds-2td2636b-deteccion-fiebre-covid-19.jpg\" alt=\"\" width=\"841\" height=\"376\" \/><\/a><p id=\"caption-attachment-21905\" class=\"wp-caption-text\">Solucion Deteccion Temperatura Fiebre Hikvision<\/p><\/div>\n<p>&nbsp;<\/p>\n<p>&nbsp;<\/p>\n<h2>Automatice la Deteccion de Fiebre Con Camaras Termograficas Hikvision<\/h2>\n<p>&nbsp;<\/p>\n<h2>La opcion de Automatizacion a Los Termometros Infrarojos a Distancia<\/h2>\n<p>&nbsp;<\/p>\n<ul>\n<li>\n<h3>Para Camaras Termicas Detecci\u00f3n de Temperatura Corporal<\/h3>\n<\/li>\n<li>\n<h3>Deteccion de Fiebre<\/h3>\n<\/li>\n<li>\n<p id=\"product_title_185611\" class=\"no_margin_top titulo_vista_producto\">18 Zonas de detecci\u00f3n de Metal con Alarma Configurable Seg\u00fan la Zona Con detectores y algoritmos avanzados<\/p>\n<\/li>\n<li>\n<p id=\"product_title_185611\" class=\"no_margin_top titulo_vista_producto\">Las C\u00e1maras Termogr\u00e1ficas de Detecci\u00f3n de Fiebre de Hikvision est\u00e1n dise\u00f1adas para detectar las elevadas temperaturas de la superficie de la piel, y por lo tanto pueden ser utilizadas para una r\u00e1pida y preliminar detecci\u00f3n de fiebre en edificios de oficinas, f\u00e1bricas, estaciones, aeropuertos y otros lugares p\u00fablicos, con una precisi\u00f3n de hasta \u00b10,3\u00b0C.<\/p>\n<\/li>\n<li>\n<p id=\"product_title_185611\" class=\"no_margin_top titulo_vista_producto\">Un segundo para detectar la temperatura de la superficie de la piel de una persona<\/p>\n<\/li>\n<li>\n<p id=\"product_title_185611\" class=\"no_margin_top titulo_vista_producto\">Detecci\u00f3n de varias personas simult\u00e1neamente<\/p>\n<\/li>\n<li>\n<p id=\"product_title_185611\" class=\"no_margin_top titulo_vista_producto\">Medici\u00f3n sin contacto para evitar el contacto f\u00edsico<\/p>\n<\/li>\n<li>\n<p id=\"product_title_185611\" class=\"no_margin_top titulo_vista_producto\">Inmediatamente alarmante para notificar a los operadores<\/p>\n<\/li>\n<li>\n<p id=\"product_title_185611\" class=\"no_margin_top titulo_vista_producto\">Detecci\u00f3n de IA para reducir las falsas alarmas de otras fuentes de calor<\/p>\n<\/li>\n<\/ul>\n<p>&nbsp;<\/p>\n<h3><span style=\"color: #333399;\">CARACTERISTICAS : <\/span><\/h3>\n<h3><span style=\"color: #333399;\"><strong>Arco Detector Temperatura Corporal<\/strong><strong> NP-SG318LT-F con Camara Termica Hikvision<\/strong><\/span><span style=\"color: #333399;\">\u00a0<\/span><\/h3>\n<p>&nbsp;<\/p>\n<ul>\n<li>De acuerdo con el est\u00e1ndar internacional de seguridad, amigable para mujeres embarazadas, personas con marcapasos card\u00edacos, etc.<\/li>\n<li>El arco le mostrara el numero de personas con temperatura anormal.<\/li>\n<\/ul>\n<p>&nbsp;<\/p>\n<ul>\n<li>\n<h4><span style=\"color: #333399;\"><strong>Detector de Metal:<\/strong><\/span><\/h4>\n<ul>\n<li>Hasta 18 zonas de deteccion.<\/li>\n<li>Pantalla LCD<\/li>\n<li>Indica la posicion del metal en el cuerpo.<\/li>\n<li>Multi-area de alarma segun la zona detectada<\/li>\n<li>Tono de timbre para diferentes Zonas<\/li>\n<li>Ajuste de sensibilidad<\/li>\n<li>Conteo de personas<\/li>\n<li>Proteccion: IP53<\/li>\n<li>Alimentacion del arco: 12VCD o\u00a0 PoE Est\u00e1ndar<\/li>\n<li>Temperatura de operaci\u00f3n: 5 a 40\u00b0C<\/li>\n<li>Dimensiones del arco: 2200 x 850 x 480 mm<\/li>\n<\/ul>\n<\/li>\n<\/ul>\n<p>&nbsp;<\/p>\n<ul>\n<li>\n<h4><span style=\"color: #333399;\"><strong>Imagen T\u00e9rmica:<\/strong><\/span><\/h4>\n<ul>\n<li>Rango de medicion de temperatura 30 \u2013 45\u00b0C<\/li>\n<li>Modo de video: Fusion de imagenes de doble espectro<\/li>\n<li>Temperatura en tiempo real<\/li>\n<li>Medicion de temperatura del cuerpo sin contacto<\/li>\n<li>Resoluci\u00f3n de imagen t\u00e9rmica 160 x 120<\/li>\n<li>Rango de precision: 0.5\u00b0C<\/li>\n<li>Distancia de deteccion: 0.3 a 3m<\/li>\n<li>Altura del objetivo: 1.45 a 1.85m<\/li>\n<li>Resoluci\u00f3n de c\u00e1mara: 4mp (2688 \u00d7 1520 @ 25fps)<\/li>\n<li>Minima Iluminacion: 0.0018Lux<\/li>\n<li>Lente: 4mm, Angulo 84\u00b0<\/li>\n<li>WDR: 120dB, IR 15m<\/li>\n<li>Red: 10\/100M Ethernet self adaptative.<\/li>\n<li>Soporta micro SD hasta 128G<\/li>\n<li>Alarma: 1 In \/ 1 Out<\/li>\n<li>Audio: 1 In \/ 1 Out<\/li>\n<li>Red: RJ45 Ethernet 10\/100M<\/li>\n<li>Proteccion: IP66<\/li>\n<li>Dimensi\u00f3n: 138,3 mm x 138,3 mm x 123,1 mm (H x W x D)<\/li>\n<\/ul>\n<\/li>\n<\/ul>\n<h2><\/h2>\n<h2 style=\"text-align: center;\"><strong>SOMOS INGENIEROS CERTIFICADOS EN SOLUCIONES DE CONTROL DE ACCESO HIKVISION <\/strong><\/h2>\n<h2><\/h2>\n<p>&nbsp;<\/p>\n<h2 style=\"text-align: center;\"><strong><span style=\"color: #333399;\">NOS ESPECIALIZAMOS EN SOLUCIONES CORPORATIVAS INTEGRALES :<\/span> <\/strong><\/h2>\n<p>&nbsp;<\/p>\n<ul>\n<li>\n<h3><strong>Videovigilancia <\/strong><\/h3>\n<\/li>\n<li>\n<h3><strong>CCTV <\/strong><\/h3>\n<\/li>\n<li>\n<h3><strong>Redes <\/strong><\/h3>\n<\/li>\n<li>\n<h3><strong>Servidores <\/strong><\/h3>\n<\/li>\n<li>\n<h3><strong>Almacenamiento <\/strong><\/h3>\n<\/li>\n<li>\n<h3><strong>Cableado Estructurado<\/strong><\/h3>\n<\/li>\n<\/ul>\n<p>&nbsp;<\/p>\n<p>&nbsp;<\/p>\n<h2 style=\"text-align: center;\"><strong>Para Disponibilidad y Pedidos, Contactanos!<\/strong><\/h2>\n<p><a href=\"https:\/\/api.whatsapp.com\/send?phone=573168788749\" target=\"_blank\" rel=\"noopener\"><img loading=\"lazy\" decoding=\"async\" class=\"aligncenter wp-image-20467\" src=\"https:\/\/cableado-estructurado.com.co\/netcomp\/wp-content\/uploads\/2018\/07\/whatsapp-logo-mensaje.jpg\" alt=\"\" width=\"290\" height=\"220\" \/><\/a><\/p>\n<p><img loading=\"lazy\" decoding=\"async\" class=\"aligncenter\" src=\"https:\/\/netcomp.co\/img\/cms\/boton%20contacto%20paginas%20-%20netcomp3.jpg\" alt=\"contactanos\" width=\"354\" height=\"149\" \/><\/p>\n<p>&nbsp;<\/p>\n<p>&nbsp;<\/p>\n<h2><span style=\"color: #333399;\"><strong>Especificaciones Tecnicas :\u00a0\u00a0\u00a0\u00a0\u00a0 <\/strong><\/span><\/h2>\n<h2><span style=\"color: #333399;\"><strong>Arco Con Camara Termica Hikvision<\/strong><\/span><\/h2>\n<p>&nbsp;<\/p>\n<h3><a title=\"Especificaciones Tecnicas Camara Termica Dahua\" href=\"https:\/\/cableado-estructurado.com.co\/netcomp\/wp-content\/uploads\/2020\/04\/camaras-termicas-dahua-DSS_Express_S_VideoManagementSoftware_v001_002.pdf\" target=\"_blank\" rel=\"noopener\">[wpdm_package id=&#8217;21908&#8242;]<\/a><\/h3>\n<h3>[wpdm_package id=&#8217;21928&#8242;]<\/h3>\n","protected":false},"excerpt":{"rendered":"<h2><span style=\"color: #333399;\">Arco Con Camaras Termicas Hikvision<\/span><\/h2>\n<h2><span style=\"color: #333399;\">\u00a0<\/span><\/h2>\n<h2><span style=\"color: #333399;\">\u00a0<\/span><\/h2>\n","protected":false},"featured_media":21931,"comment_status":"open","ping_status":"closed","template":"","meta":{"_et_pb_use_builder":"","_et_pb_old_content":"","_et_gb_content_width":""},"product_brand":[],"product_cat":[21102],"product_tag":[21291,21248,21243,21290,21247,21289,21244,21232,21249,21236,21246,21234,21233],"class_list":{"0":"post-21926","1":"product","2":"type-product","3":"status-publish","4":"has-post-thumbnail","6":"product_cat-camaras-de-videovigilancia","7":"product_tag-arco-de-entrada-deteccion-fiebre-hikvision","8":"product_tag-camara-deteccion-temperatura","9":"product_tag-camara-termica","10":"product_tag-camara-termica-hikvision","11":"product_tag-camara-termografica","12":"product_tag-camara-termografica-hikvision","13":"product_tag-deteccion-fiebre","14":"product_tag-deteccion-temperatura-corporal","15":"product_tag-deteccion-temperatura-covid","16":"product_tag-precio-termometro-bogota","17":"product_tag-termometro-a-distancia","18":"product_tag-termometro-de-distancia","19":"product_tag-termometro-infrarojo","21":"first","22":"instock","23":"taxable","24":"shipping-taxable","25":"product-type-simple"},"yoast_head":"<!-- This site is optimized with the Yoast SEO plugin v27.5 - https:\/\/yoast.com\/product\/yoast-seo-wordpress\/ -->\n<title>ARCO DETECCCION DE TEMPERATURA CORPORAL NP-SG318LT-F HIKVISION - Cableado Estructurado Colombia<\/title>\n<meta name=\"description\" content=\"Cableado Estructurado - Instalacion - Suministro Patch panel - Patch Cord - Jack - Cable Utp - Bogota - Colombia\" \/>\n<meta name=\"robots\" content=\"index, follow, max-snippet:-1, max-image-preview:large, max-video-preview:-1\" \/>\n<link rel=\"canonical\" href=\"https:\/\/cableado-estructurado.com.co\/netcomp\/producto\/arco-detector-temperatura-corporal-np-sg318lt-f\/\" \/>\n<meta property=\"og:locale\" content=\"es_ES\" \/>\n<meta property=\"og:type\" content=\"article\" \/>\n<meta property=\"og:title\" content=\"ARCO DETECCCION DE TEMPERATURA CORPORAL NP-SG318LT-F HIKVISION - Cableado Estructurado Colombia\" \/>\n<meta property=\"og:description\" content=\"Cableado Estructurado - Instalacion - Suministro Patch panel - Patch Cord - Jack - Cable Utp - Bogota - Colombia\" \/>\n<meta property=\"og:url\" content=\"https:\/\/cableado-estructurado.com.co\/netcomp\/producto\/arco-detector-temperatura-corporal-np-sg318lt-f\/\" \/>\n<meta property=\"og:site_name\" content=\"Cableado Estructurado Colombia\" \/>\n<meta property=\"article:publisher\" content=\"https:\/\/www.facebook.com\/Soluciones-Tecnologicas-MCC-SAS-100746298259981\" \/>\n<meta property=\"article:modified_time\" content=\"2022-12-21T14:22:19+00:00\" \/>\n<meta property=\"og:image\" content=\"https:\/\/cableado-estructurado.com.co\/netcomp\/wp-content\/uploads\/2020\/05\/Arco-deteccion-fiebre-metales-camara-termica-hikvision-np-sg318lt-f-termometro-infrarojo-fiebre-covid-19-1-e1589690131685.png\" \/>\n\t<meta property=\"og:image:width\" content=\"275\" \/>\n\t<meta property=\"og:image:height\" content=\"275\" \/>\n\t<meta property=\"og:image:type\" content=\"image\/png\" \/>\n<meta name=\"twitter:card\" content=\"summary_large_image\" \/>\n<meta name=\"twitter:label1\" content=\"Tiempo de lectura\" \/>\n\t<meta name=\"twitter:data1\" content=\"2 minutos\" \/>\n<script type=\"application\/ld+json\" class=\"yoast-schema-graph\">{\"@context\":\"https:\\\/\\\/schema.org\",\"@graph\":[{\"@type\":\"WebPage\",\"@id\":\"https:\\\/\\\/cableado-estructurado.com.co\\\/netcomp\\\/producto\\\/arco-detector-temperatura-corporal-np-sg318lt-f\\\/\",\"url\":\"https:\\\/\\\/cableado-estructurado.com.co\\\/netcomp\\\/producto\\\/arco-detector-temperatura-corporal-np-sg318lt-f\\\/\",\"name\":\"ARCO DETECCCION DE TEMPERATURA CORPORAL NP-SG318LT-F HIKVISION - Cableado Estructurado Colombia\",\"isPartOf\":{\"@id\":\"https:\\\/\\\/cableado-estructurado.com.co\\\/netcomp\\\/#website\"},\"primaryImageOfPage\":{\"@id\":\"https:\\\/\\\/cableado-estructurado.com.co\\\/netcomp\\\/producto\\\/arco-detector-temperatura-corporal-np-sg318lt-f\\\/#primaryimage\"},\"image\":{\"@id\":\"https:\\\/\\\/cableado-estructurado.com.co\\\/netcomp\\\/producto\\\/arco-detector-temperatura-corporal-np-sg318lt-f\\\/#primaryimage\"},\"thumbnailUrl\":\"https:\\\/\\\/cableado-estructurado.com.co\\\/netcomp\\\/wp-content\\\/uploads\\\/2020\\\/05\\\/Arco-deteccion-fiebre-metales-camara-termica-hikvision-np-sg318lt-f-termometro-infrarojo-fiebre-covid-19-1-e1589690131685.png\",\"datePublished\":\"2020-05-03T00:37:33+00:00\",\"dateModified\":\"2022-12-21T14:22:19+00:00\",\"description\":\"Cableado Estructurado - Instalacion - Suministro Patch panel - Patch Cord - Jack - Cable Utp - Bogota - Colombia\",\"breadcrumb\":{\"@id\":\"https:\\\/\\\/cableado-estructurado.com.co\\\/netcomp\\\/producto\\\/arco-detector-temperatura-corporal-np-sg318lt-f\\\/#breadcrumb\"},\"inLanguage\":\"es\",\"potentialAction\":[{\"@type\":\"ReadAction\",\"target\":[\"https:\\\/\\\/cableado-estructurado.com.co\\\/netcomp\\\/producto\\\/arco-detector-temperatura-corporal-np-sg318lt-f\\\/\"]}]},{\"@type\":\"ImageObject\",\"inLanguage\":\"es\",\"@id\":\"https:\\\/\\\/cableado-estructurado.com.co\\\/netcomp\\\/producto\\\/arco-detector-temperatura-corporal-np-sg318lt-f\\\/#primaryimage\",\"url\":\"https:\\\/\\\/cableado-estructurado.com.co\\\/netcomp\\\/wp-content\\\/uploads\\\/2020\\\/05\\\/Arco-deteccion-fiebre-metales-camara-termica-hikvision-np-sg318lt-f-termometro-infrarojo-fiebre-covid-19-1-e1589690131685.png\",\"contentUrl\":\"https:\\\/\\\/cableado-estructurado.com.co\\\/netcomp\\\/wp-content\\\/uploads\\\/2020\\\/05\\\/Arco-deteccion-fiebre-metales-camara-termica-hikvision-np-sg318lt-f-termometro-infrarojo-fiebre-covid-19-1-e1589690131685.png\",\"width\":275,\"height\":275,\"caption\":\"ARCO DETECTOR TEMPERATURA CORPORAL NP-SG318LT-F\"},{\"@type\":\"BreadcrumbList\",\"@id\":\"https:\\\/\\\/cableado-estructurado.com.co\\\/netcomp\\\/producto\\\/arco-detector-temperatura-corporal-np-sg318lt-f\\\/#breadcrumb\",\"itemListElement\":[{\"@type\":\"ListItem\",\"position\":1,\"name\":\"Portada\",\"item\":\"https:\\\/\\\/cableado-estructurado.com.co\\\/netcomp\\\/\"},{\"@type\":\"ListItem\",\"position\":2,\"name\":\"Tienda\",\"item\":\"https:\\\/\\\/cableado-estructurado.com.co\\\/netcomp\\\/camaras-cableado-accesorios\\\/\"},{\"@type\":\"ListItem\",\"position\":3,\"name\":\"ARCO DETECCCION DE TEMPERATURA CORPORAL NP-SG318LT-F HIKVISION\"}]},{\"@type\":\"WebSite\",\"@id\":\"https:\\\/\\\/cableado-estructurado.com.co\\\/netcomp\\\/#website\",\"url\":\"https:\\\/\\\/cableado-estructurado.com.co\\\/netcomp\\\/\",\"name\":\"Cableado Estructurado Colombia\",\"description\":\"Telefonos:  (+57) 316 878 8749\",\"publisher\":{\"@id\":\"https:\\\/\\\/cableado-estructurado.com.co\\\/netcomp\\\/#organization\"},\"potentialAction\":[{\"@type\":\"SearchAction\",\"target\":{\"@type\":\"EntryPoint\",\"urlTemplate\":\"https:\\\/\\\/cableado-estructurado.com.co\\\/netcomp\\\/?s={search_term_string}\"},\"query-input\":{\"@type\":\"PropertyValueSpecification\",\"valueRequired\":true,\"valueName\":\"search_term_string\"}}],\"inLanguage\":\"es\"},{\"@type\":\"Organization\",\"@id\":\"https:\\\/\\\/cableado-estructurado.com.co\\\/netcomp\\\/#organization\",\"name\":\"Soluciones Tecnologicas MCC SAS\",\"alternateName\":\"MCC\",\"url\":\"https:\\\/\\\/cableado-estructurado.com.co\\\/netcomp\\\/\",\"logo\":{\"@type\":\"ImageObject\",\"inLanguage\":\"es\",\"@id\":\"https:\\\/\\\/cableado-estructurado.com.co\\\/netcomp\\\/#\\\/schema\\\/logo\\\/image\\\/\",\"url\":\"https:\\\/\\\/cableado-estructurado.com.co\\\/netcomp\\\/wp-content\\\/uploads\\\/2023\\\/04\\\/logos-soluciones-1-1.png\",\"contentUrl\":\"https:\\\/\\\/cableado-estructurado.com.co\\\/netcomp\\\/wp-content\\\/uploads\\\/2023\\\/04\\\/logos-soluciones-1-1.png\",\"width\":479,\"height\":100,\"caption\":\"Soluciones Tecnologicas MCC SAS\"},\"image\":{\"@id\":\"https:\\\/\\\/cableado-estructurado.com.co\\\/netcomp\\\/#\\\/schema\\\/logo\\\/image\\\/\"},\"sameAs\":[\"https:\\\/\\\/www.facebook.com\\\/Soluciones-Tecnologicas-MCC-SAS-100746298259981\",\"https:\\\/\\\/www.instagram.com\\\/solucionesmccsas\\\/?hl=es\",\"http:\\\/\\\/www.linkedin.com\\\/in\\\/mauricio-calderon-a78b5a15\"]}]}<\/script>\n<!-- \/ Yoast SEO plugin. -->","yoast_head_json":{"title":"ARCO DETECCCION DE TEMPERATURA CORPORAL NP-SG318LT-F HIKVISION - Cableado Estructurado Colombia","description":"Cableado Estructurado - Instalacion - Suministro Patch panel - Patch Cord - Jack - Cable Utp - Bogota - Colombia","robots":{"index":"index","follow":"follow","max-snippet":"max-snippet:-1","max-image-preview":"max-image-preview:large","max-video-preview":"max-video-preview:-1"},"canonical":"https:\/\/cableado-estructurado.com.co\/netcomp\/producto\/arco-detector-temperatura-corporal-np-sg318lt-f\/","og_locale":"es_ES","og_type":"article","og_title":"ARCO DETECCCION DE TEMPERATURA CORPORAL NP-SG318LT-F HIKVISION - Cableado Estructurado Colombia","og_description":"Cableado Estructurado - Instalacion - Suministro Patch panel - Patch Cord - Jack - Cable Utp - Bogota - Colombia","og_url":"https:\/\/cableado-estructurado.com.co\/netcomp\/producto\/arco-detector-temperatura-corporal-np-sg318lt-f\/","og_site_name":"Cableado Estructurado Colombia","article_publisher":"https:\/\/www.facebook.com\/Soluciones-Tecnologicas-MCC-SAS-100746298259981","article_modified_time":"2022-12-21T14:22:19+00:00","og_image":[{"width":275,"height":275,"url":"https:\/\/cableado-estructurado.com.co\/netcomp\/wp-content\/uploads\/2020\/05\/Arco-deteccion-fiebre-metales-camara-termica-hikvision-np-sg318lt-f-termometro-infrarojo-fiebre-covid-19-1-e1589690131685.png","type":"image\/png"}],"twitter_card":"summary_large_image","twitter_misc":{"Tiempo de lectura":"2 minutos"},"schema":{"@context":"https:\/\/schema.org","@graph":[{"@type":"WebPage","@id":"https:\/\/cableado-estructurado.com.co\/netcomp\/producto\/arco-detector-temperatura-corporal-np-sg318lt-f\/","url":"https:\/\/cableado-estructurado.com.co\/netcomp\/producto\/arco-detector-temperatura-corporal-np-sg318lt-f\/","name":"ARCO DETECCCION DE TEMPERATURA CORPORAL NP-SG318LT-F HIKVISION - Cableado Estructurado Colombia","isPartOf":{"@id":"https:\/\/cableado-estructurado.com.co\/netcomp\/#website"},"primaryImageOfPage":{"@id":"https:\/\/cableado-estructurado.com.co\/netcomp\/producto\/arco-detector-temperatura-corporal-np-sg318lt-f\/#primaryimage"},"image":{"@id":"https:\/\/cableado-estructurado.com.co\/netcomp\/producto\/arco-detector-temperatura-corporal-np-sg318lt-f\/#primaryimage"},"thumbnailUrl":"https:\/\/cableado-estructurado.com.co\/netcomp\/wp-content\/uploads\/2020\/05\/Arco-deteccion-fiebre-metales-camara-termica-hikvision-np-sg318lt-f-termometro-infrarojo-fiebre-covid-19-1-e1589690131685.png","datePublished":"2020-05-03T00:37:33+00:00","dateModified":"2022-12-21T14:22:19+00:00","description":"Cableado Estructurado - Instalacion - Suministro Patch panel - Patch Cord - Jack - Cable Utp - Bogota - Colombia","breadcrumb":{"@id":"https:\/\/cableado-estructurado.com.co\/netcomp\/producto\/arco-detector-temperatura-corporal-np-sg318lt-f\/#breadcrumb"},"inLanguage":"es","potentialAction":[{"@type":"ReadAction","target":["https:\/\/cableado-estructurado.com.co\/netcomp\/producto\/arco-detector-temperatura-corporal-np-sg318lt-f\/"]}]},{"@type":"ImageObject","inLanguage":"es","@id":"https:\/\/cableado-estructurado.com.co\/netcomp\/producto\/arco-detector-temperatura-corporal-np-sg318lt-f\/#primaryimage","url":"https:\/\/cableado-estructurado.com.co\/netcomp\/wp-content\/uploads\/2020\/05\/Arco-deteccion-fiebre-metales-camara-termica-hikvision-np-sg318lt-f-termometro-infrarojo-fiebre-covid-19-1-e1589690131685.png","contentUrl":"https:\/\/cableado-estructurado.com.co\/netcomp\/wp-content\/uploads\/2020\/05\/Arco-deteccion-fiebre-metales-camara-termica-hikvision-np-sg318lt-f-termometro-infrarojo-fiebre-covid-19-1-e1589690131685.png","width":275,"height":275,"caption":"ARCO DETECTOR TEMPERATURA CORPORAL NP-SG318LT-F"},{"@type":"BreadcrumbList","@id":"https:\/\/cableado-estructurado.com.co\/netcomp\/producto\/arco-detector-temperatura-corporal-np-sg318lt-f\/#breadcrumb","itemListElement":[{"@type":"ListItem","position":1,"name":"Portada","item":"https:\/\/cableado-estructurado.com.co\/netcomp\/"},{"@type":"ListItem","position":2,"name":"Tienda","item":"https:\/\/cableado-estructurado.com.co\/netcomp\/camaras-cableado-accesorios\/"},{"@type":"ListItem","position":3,"name":"ARCO DETECCCION DE TEMPERATURA CORPORAL NP-SG318LT-F HIKVISION"}]},{"@type":"WebSite","@id":"https:\/\/cableado-estructurado.com.co\/netcomp\/#website","url":"https:\/\/cableado-estructurado.com.co\/netcomp\/","name":"Cableado Estructurado Colombia","description":"Telefonos:  (+57) 316 878 8749","publisher":{"@id":"https:\/\/cableado-estructurado.com.co\/netcomp\/#organization"},"potentialAction":[{"@type":"SearchAction","target":{"@type":"EntryPoint","urlTemplate":"https:\/\/cableado-estructurado.com.co\/netcomp\/?s={search_term_string}"},"query-input":{"@type":"PropertyValueSpecification","valueRequired":true,"valueName":"search_term_string"}}],"inLanguage":"es"},{"@type":"Organization","@id":"https:\/\/cableado-estructurado.com.co\/netcomp\/#organization","name":"Soluciones Tecnologicas MCC SAS","alternateName":"MCC","url":"https:\/\/cableado-estructurado.com.co\/netcomp\/","logo":{"@type":"ImageObject","inLanguage":"es","@id":"https:\/\/cableado-estructurado.com.co\/netcomp\/#\/schema\/logo\/image\/","url":"https:\/\/cableado-estructurado.com.co\/netcomp\/wp-content\/uploads\/2023\/04\/logos-soluciones-1-1.png","contentUrl":"https:\/\/cableado-estructurado.com.co\/netcomp\/wp-content\/uploads\/2023\/04\/logos-soluciones-1-1.png","width":479,"height":100,"caption":"Soluciones Tecnologicas MCC SAS"},"image":{"@id":"https:\/\/cableado-estructurado.com.co\/netcomp\/#\/schema\/logo\/image\/"},"sameAs":["https:\/\/www.facebook.com\/Soluciones-Tecnologicas-MCC-SAS-100746298259981","https:\/\/www.instagram.com\/solucionesmccsas\/?hl=es","http:\/\/www.linkedin.com\/in\/mauricio-calderon-a78b5a15"]}]}},"jetpack_sharing_enabled":true,"_links":{"self":[{"href":"https:\/\/cableado-estructurado.com.co\/netcomp\/wp-json\/wp\/v2\/product\/21926","targetHints":{"allow":["GET"]}}],"collection":[{"href":"https:\/\/cableado-estructurado.com.co\/netcomp\/wp-json\/wp\/v2\/product"}],"about":[{"href":"https:\/\/cableado-estructurado.com.co\/netcomp\/wp-json\/wp\/v2\/types\/product"}],"replies":[{"embeddable":true,"href":"https:\/\/cableado-estructurado.com.co\/netcomp\/wp-json\/wp\/v2\/comments?post=21926"}],"wp:featuredmedia":[{"embeddable":true,"href":"https:\/\/cableado-estructurado.com.co\/netcomp\/wp-json\/wp\/v2\/media\/21931"}],"wp:attachment":[{"href":"https:\/\/cableado-estructurado.com.co\/netcomp\/wp-json\/wp\/v2\/media?parent=21926"}],"wp:term":[{"taxonomy":"product_brand","embeddable":true,"href":"https:\/\/cableado-estructurado.com.co\/netcomp\/wp-json\/wp\/v2\/product_brand?post=21926"},{"taxonomy":"product_cat","embeddable":true,"href":"https:\/\/cableado-estructurado.com.co\/netcomp\/wp-json\/wp\/v2\/product_cat?post=21926"},{"taxonomy":"product_tag","embeddable":true,"href":"https:\/\/cableado-estructurado.com.co\/netcomp\/wp-json\/wp\/v2\/product_tag?post=21926"}],"curies":[{"name":"wp","href":"https:\/\/api.w.org\/{rel}","templated":true}]}}